{"id":625,"date":"2024-01-26T08:17:02","date_gmt":"2024-01-26T08:17:02","guid":{"rendered":"https:\/\/naturheilpraxis-rauber.de\/?page_id=625"},"modified":"2024-02-12T17:00:22","modified_gmt":"2024-02-12T17:00:22","slug":"kommentare","status":"publish","type":"page","link":"https:\/\/naturheilpraxis-rauber.de\/?page_id=625","title":{"rendered":"Kommentare"},"content":{"rendered":"\n<p class=\"gutenify-section-14415fd0-bc23-11ee-9850-b7ca3032416f gtfy-1\"><em>&#8222;Eine Zufallsauswahl brachte mich vor ca. 4 Jahren zu Frau Rauber. In Ihrer Praxis in Behandlung zu sein habe ich bis heute nicht bereut. Ihr ganzheitlicher Ansatz ist \u00fcberzeugend und vor allem heilsam. Die Praxis ist reibungslos organisiert, die R\u00e4ume sind hell, freundlich und sehr sauber gehalten, was mir ein Wohlgef\u00fchl vermittelt. Frau Rauber ist offen f\u00fcr viele &#8222;Wehen und Wehwehchen&#8220;. Heute kann ich mit 69 Jahren wieder schmerzfrei nicht nur meinem Hobby G\u00e4rtnern nachgehen. Mittlerweile gehe ich ohne Schmerzen hin, weil es guttut.<br>G.St. aus Hennef am 02.03.2021&#8243;<\/em><\/p>\n\n\n\n<p class=\"gutenify-section-29a85900-bc23-11ee-9850-b7ca3032416f gtfy-4\"><em>&#8222;Ich bin total begeistert von der Osteopathie und von Frau Rauber. Sehr einf\u00fchlsam und mit sehr umfangreichem Wissen macht sie sich ein Bild, und dank ihres ganzheitliches Ansatzes wird man von Kopf bis Fu\u00df behandelt. Genial ist, da\u00df sie sowohl umfangreiches Wissen in Osteopathie als auch umfangreiches Wissen in Naturheilverfahren in sich erg\u00e4nzt. So f\u00fchlt man sich wohl und &#8211; eben &#8211; ganzheitlich behandelt !<br>Marion M. aus K\u00f6nigwinter am 25.1.21&#8243;<\/em><\/p>\n\n\n\n<p class=\"gutenify-section-1441d500-bc23-11ee-9850-b7ca3032416f gtfy-7\"><em>&#8222;Nach Jahren st\u00e4ndiger Schmerzen, erfolgloser Knie-OP und vielen Besuchen bei \u00c4rzten und Physiotherapeuten wandte ich mich an die Osteopathie. Ich entschied mich f\u00fcr Fr. Rauber, weil sie in der n\u00e4heren Umgebung praktiziert und sehr gute Rezensionen erhielt. Schon nach dem ersten Besuch wunderte ich mich, wie gewandt ich in mein Auto steigen konnte! Nach jeder Behandlung ging es mir besser und ich stelle im Spiegel fest, wie aufrecht ich wieder stehe und gehe. Frau Rauber verf\u00fcgt \u00fcber ein gro\u00dfes Fachwissen und ist in der Lage, alles verst\u00e4ndlich und verst\u00e4ndnisvoll zu erkl\u00e4ren. Sie ist ein au\u00dferordentlich netter Mensch, sodass man sich gut aufgehoben f\u00fchlt. Man kann sie auch zwischen zwei Terminen kurz per Mail um Rat bitten- einfach toll! Und das Gr\u00f6\u00dfte ist-f\u00fcr Skeptiker des Heilpraktiker-Daseins- die Krankenkasse zahlt uneingeschr\u00e4nkt, selbst die mitunter schwerf\u00e4llige und kritische Beihilfe (weil die Absolventen der f\u00fcnfj\u00e4hrigen Ausbildung durch den Dachverband den Krankenkassen genannt werden und ihr Beruf daher zu Recht volle Anerkennung erf\u00e4hrt!)<\/em><br>U<em>li B. aus Sankt Augustin am 2.12.20&#8243;<\/em><\/p>\n\n\n\n<p class=\"gutenify-section-fae1e580-c9c6-11ee-80d5-d7bb6647ea4e gtfy-10\"><em>&#8222;In der Praxis f\u00fcr Osteopathie Rauber habe ich mich vom ersten Moment an sehr wohlgef\u00fchlt und mich gerne voller Vertrauen in Frau Rauber&#8217;s H\u00e4nde begeben. Man profitiert von ihrer langen Berufserfahrung und von ihrer F\u00e4higkeit, sich auf jeden Patienten individuell einzustellen. Dar\u00fcberhinaus gibt Frau Rauber gerne Tipps aus der Naturheilkunde, und sie hat gute Ideen, wie man seine Gesundheit optimieren kann. Eine optimale &#8222;Rundum-Versorgung&#8220;! Sehr zu empfehlen!! Charlotte P. aus K\u00f6ln am 9.8.19&#8243;<\/em><\/p>\n\n\n\n<p class=\"gutenify-section-1445cca0-bc23-11ee-9850-b7ca3032416f gtfy-13\"><em>&#8222;Seit vielen Jahren bin ich bei Frau Rauber in Behandlung. Immer wieder bringt sie mit Ihren gezielten Handgriffen meinen R\u00fccken in Form und meinen Darm auf Trab und hat mich im Laufe dieser Zeit ebenfalls zum regelm\u00e4\u00dfigen Sport und einer Ern\u00e4hrungsumstellung aktiviert. Vielen Dank! Helga K. aus Bad Honnef am 17.11.18&#8220;<\/em><\/p>\n\n\n\n<p class=\"gutenify-section-1446b700-bc23-11ee-9850-b7ca3032416f gtfy-16\"><em>Sehr empfehlenswert, erfahren und kompetent. Frau Rauber verf\u00fcgt \u00fcber ein \u00fcberdurchschnittliches Fachwissen und hilft mit ihren heilenden H\u00e4nden das Knochenwerk wieder in Form zu bringen. Christina B. aus Bonn am 7.11.18&#8243;<br><\/em><\/p>\n\n\n\n<p class=\"gutenify-section-1447c870-bc23-11ee-9850-b7ca3032416f gtfy-19\"><em>&#8222;Seit mehreren Jahren bin ich Stamm-Patientin bei Frau Rauber. Immer wieder bin ich beeindruckt von der Wirksamkeit der Behandlung und der umfassenden Aufkl\u00e4rung, die f\u00fcr mich sehr aufschluss- und hilfreich ist. Ich sch\u00e4tze die Kompetenz, das Einf\u00fchlungsverm\u00f6gen und die angenehme Atmosph\u00e4re in der Praxis. Ich habe sehr gro\u00dfes Vertrauen in Frau Rauber und empfehle Sie uneingeschr\u00e4nkt gern weiter. 22.12.17&#8220;<\/em><\/p>\n\n\n\n<p class=\"gutenify-section-14494f10-bc23-11ee-9850-b7ca3032416f gtfy-22\"><em>&#8222;Frau Rauber ist unglaublich kompetent und hat meinen R\u00fccken, der schon seit mindestens 30 Jahren eine Skoliose hat, wieder gerade bekommen. Nicht nur dass ich keine Schmerzen habe, sogar die Kieferbeweglichkwit ist wieder gut. Sie arbeitet vom Fu\u00df bis zu den Ohren&#8230;.so stelle ich mir eine gute osteopathische Behandlung vor. Vielen Dank! 1.8.17&#8220;<\/em><\/p>\n\n\n\n<p class=\"gutenify-section-144be720-bc23-11ee-9850-b7ca3032416f gtfy-25\"><em>&#8222;Hier gehe ich hin wenn ich Schmerzen habe und wei\u00df weder ein Orthop\u00e4de noch sonst wer kann mir helfen. Ingrid hat f\u00fcr jeden Patienten viel Zeit und schaut immer auf das Ganzheitliche. Ich f\u00fchle mich immer rundum verstanden und versorgt. Ganz lieben Dank daf\u00fcr. Barbara J. aus Bonn, 9.5.16&#8220;<\/em><\/p>\n","protected":false},"excerpt":{"rendered":"<p>&#8222;Eine Zufallsauswahl brachte mich vor ca. 4 Jahren zu Frau Rauber. In Ihrer Praxis in [&hellip;]<\/p>\n","protected":false},"author":2,"featured_media":0,"parent":0,"menu_order":0,"comment_status":"closed","ping_status":"closed","template":"","meta":{"footnotes":""},"_links":{"self":[{"href":"https:\/\/naturheilpraxis-rauber.de\/index.php?rest_route=\/wp\/v2\/pages\/625"}],"collection":[{"href":"https:\/\/naturheilpraxis-rauber.de\/index.php?rest_route=\/wp\/v2\/pages"}],"about":[{"href":"https:\/\/naturheilpraxis-rauber.de\/index.php?rest_route=\/wp\/v2\/types\/page"}],"author":[{"embeddable":true,"href":"https:\/\/naturheilpraxis-rauber.de\/index.php?rest_route=\/wp\/v2\/users\/2"}],"replies":[{"embeddable":true,"href":"https:\/\/naturheilpraxis-rauber.de\/index.php?rest_route=%2Fwp%2Fv2%2Fcomments&post=625"}],"version-history":[{"count":4,"href":"https:\/\/naturheilpraxis-rauber.de\/index.php?rest_route=\/wp\/v2\/pages\/625\/revisions"}],"predecessor-version":[{"id":810,"href":"https:\/\/naturheilpraxis-rauber.de\/index.php?rest_route=\/wp\/v2\/pages\/625\/revisions\/810"}],"wp:attachment":[{"href":"https:\/\/naturheilpraxis-rauber.de\/index.php?rest_route=%2Fwp%2Fv2%2Fmedia&parent=625"}],"curies":[{"name":"wp","href":"https:\/\/api.w.org\/{rel}","templated":true}]}}